{"id":418,"date":"2025-09-12T23:18:08","date_gmt":"2025-09-12T23:18:08","guid":{"rendered":"https:\/\/2025.fevo.com.mx\/?page_id=418"},"modified":"2025-11-14T20:13:56","modified_gmt":"2025-11-14T20:13:56","slug":"418-2","status":"publish","type":"page","link":"https:\/\/2025.fevo.com.mx\/index.php\/418-2\/","title":{"rendered":"Boletos"},"content":{"rendered":"\n<div class=\"wp-block-cover alignfull is-light\" style=\"min-height:100vh;aspect-ratio:unset;\"><video class=\"wp-block-cover__video-background intrinsic-ignore\" autoplay muted loop playsinline src=\"https:\/\/2025.fevo.com.mx\/wp-content\/uploads\/2025\/09\/45976-447087676_small.mp4\" data-object-fit=\"cover\"><\/video><span aria-hidden=\"true\" class=\"wp-block-cover__background has-foreground-background-color has-background-dim\"><\/span><div class=\"wp-block-cover__inner-container has-global-padding is-layout-constrained wp-block-cover-is-layout-constrained\">\n<div class=\"wp-block-countdown-block-countdown\"><div class=\"eb-parent-wrapper eb-parent-eb-countdown-333gs \"><div class=\"eb-countdown-333gs eb-cd-wrapper preset1\"><div class=\"eb-cd-inner\" blockid=\"eb-countdown-333gs\" data-deadline-time=\"1764371040000\" data-is-evergreen-time=\"false\" data-evergreen-time-hours=\"11\" data-evergreen-time-minutes=\"59\" data-evergreen-recurring=\"false\" data-evergreen-restart-time=\"0\" data-evergreen-deadline-time=\"1758323084056\"><div class=\"box cd-box-day\"><span class=\"eb-cd-digit\">00<\/span><span class=\"eb-cd-label\">D\u00edas <\/span><\/div><div class=\"box cd-box-hour\"><span class=\"eb-cd-digit\">00<\/span><span class=\"eb-cd-label\">Horas<\/span><\/div><div class=\"box cd-box-minute\"><span class=\"eb-cd-digit\">00<\/span><span class=\"eb-cd-label\">Minutos<\/span><\/div><div class=\"box cd-box-second\"><span class=\"eb-cd-digit\">00<\/span><span class=\"eb-cd-label\">Segundos<\/span><\/div><\/div><\/div><\/div><\/div>\n\n\n\n<div class=\"wp-block-columns are-vertically-aligned-center is-layout-flex wp-container-core-columns-is-layout-28f84493 wp-block-columns-is-layout-flex\">\n<div class=\"wp-block-column is-vertically-aligned-center is-layout-flow wp-block-column-is-layout-flow\">\n<figure class=\"wp-block-image size-large has-custom-border\"><a href=\"https:\/\/fevo-festival-de-vino-en-oaxaca-2025.boletia.com\/\"><img loading=\"lazy\" decoding=\"async\" width=\"1024\" height=\"376\" src=\"https:\/\/2025.fevo.com.mx\/wp-content\/uploads\/2025\/10\/Banner-FEVO2025-Boletia-01-1024x376.jpg\" alt=\"\" class=\"has-border-color has-white-border-color wp-image-498\" style=\"border-width:5px;border-top-left-radius:0px;border-top-right-radius:22px;border-bottom-left-radius:22px;border-bottom-right-radius:0px\" srcset=\"https:\/\/2025.fevo.com.mx\/wp-content\/uploads\/2025\/10\/Banner-FEVO2025-Boletia-01-1024x376.jpg 1024w, https:\/\/2025.fevo.com.mx\/wp-content\/uploads\/2025\/10\/Banner-FEVO2025-Boletia-01-300x110.jpg 300w, https:\/\/2025.fevo.com.mx\/wp-content\/uploads\/2025\/10\/Banner-FEVO2025-Boletia-01.jpg 1525w\" sizes=\"auto, (max-width: 1024px) 100vw, 1024px\" \/><\/a><\/figure>\n<\/div>\n\n\n\n<div class=\"wp-block-column is-vertically-aligned-center is-layout-flow wp-block-column-is-layout-flow\">\n<p class=\"has-white-color has-text-color has-link-color has-small-font-size wp-elements-4d2a800efcd636a6813112c6a568818e\">\u00a1No te quedes sin tu lugar en el evento m\u00e1s esperado del a\u00f1o! El <strong>Festival del Vino en Oaxaca (FEVO)<\/strong> te abre sus puertas a una experiencia sensorial \u00fanica, donde la tradici\u00f3n vin\u00edcola nacional e internacional se encuentra con la incomparable riqueza cultural y gastron\u00f3mica de esta tierra ancestral.<\/p>\n\n\n\n<p class=\"has-white-color has-text-color has-link-color has-small-font-size wp-elements-e8b0699dbb46d3bf7ebf3f3e4014901b\">Sum\u00e9rgete en un viaje de sabores y aromas que deleitar\u00e1n tus sentidos. Ven y s\u00e9 parte de este encuentro m\u00e1gico donde la pasi\u00f3n por el vino y la esencia oaxaque\u00f1a se entrelazan.<\/p>\n\n\n\n<p class=\"has-white-color has-text-color has-link-color has-small-font-size wp-elements-5fd2f1df2042dfa8b53107640b8172f3\">\u00a1Compra tus boletos ahora y asegura tu entrada a una experiencia inolvidable!<\/p>\n<\/div>\n<\/div>\n\n\n\n<div class=\"wp-block-buttons is-content-justification-center is-layout-flex wp-container-core-buttons-is-layout-a89b3969 wp-block-buttons-is-layout-flex\">\n<div class=\"wp-block-button\"><a class=\"wp-block-button__link has-background has-border-color has-white-border-color has-custom-font-size wp-element-button\" href=\"https:\/\/fevo-festival-de-vino-en-oaxaca-2025.boletia.com\/\" style=\"border-width:2px;border-radius:22px;background:linear-gradient(90deg,rgb(137,4,4) 31%,rgb(155,81,224) 100%);font-size:clamp(16.293px, 1.018rem + ((1vw - 3.2px) * 0.771), 25px);\">Comprar Boleto<\/a><\/div>\n<\/div>\n\n\n\n<div class=\"wp-block-columns is-layout-flex wp-container-core-columns-is-layout-28f84493 wp-block-columns-is-layout-flex\">\n<div class=\"wp-block-column is-layout-flow wp-block-column-is-layout-flow\">\n<h2 class=\"wp-block-heading has-white-color has-text-color has-link-color wp-elements-26ad60414bff31fe1a6fd36c12c21475\">Acceso al evento<\/h2>\n\n\n\n<p class=\"has-white-color has-text-color has-link-color wp-elements-7a3dd341a528cabbd3ac6ab0af7676dd\" style=\"margin-top:var(--wp--preset--spacing--large)\">\u00a1Ya estamos a nada de vernos! La entrada a nuestro evento ser\u00e1 por la <strong>calle<\/strong> <strong>Juan Escutia, Santa Mar\u00eda del Marquesado, Sta Maria, 68034 Oaxaca de Ju\u00e1rez, Oax.<\/strong><\/p>\n\n\n\n<div class=\"wp-block-buttons is-content-justification-center is-layout-flex wp-container-core-buttons-is-layout-a89b3969 wp-block-buttons-is-layout-flex\">\n<div class=\"wp-block-button\"><a class=\"wp-block-button__link has-background has-border-color has-white-border-color has-medium-font-size has-custom-font-size wp-element-button\" href=\"https:\/\/fevo-festival-de-vino-en-oaxaca-2025.boletia.com\/\" style=\"border-width:2px;border-radius:22px;background:linear-gradient(90deg,rgb(137,4,4) 31%,rgb(155,81,224) 100%)\">Comprar Boleto<\/a><\/div>\n<\/div>\n<\/div>\n\n\n\n<div class=\"wp-block-column is-layout-flow wp-block-column-is-layout-flow\" style=\"border-radius:22px\">\n<iframe src=\"https:\/\/www.google.com\/maps\/embed?pb=!1m18!1m12!1m3!1d238.37119212861703!2d-96.73833104188074!3d17.07563259723887!2m3!1f0!2f0!3f0!3m2!1i1024!2i768!4f13.1!3m3!1m2!1s0x85c723000a3677b1%3A0x810448bb2bbca065!2sLA%20CALERA%20ESTACIONAMIENTO!5e0!3m2!1ses-419!2smx!4v1757704843843!5m2!1ses-419!2smx\" width=\"600\" height=\"450\" style=\"border-radius:22px;\" allowfullscreen=\"\" loading=\"lazy\" referrerpolicy=\"no-referrer-when-downgrade\"><\/iframe>\n<\/div>\n<\/div>\n<\/div><\/div>\n","protected":false},"excerpt":{"rendered":"","protected":false},"author":1,"featured_media":498,"parent":0,"menu_order":0,"comment_status":"closed","ping_status":"closed","template":"","meta":{"_eb_attr":"","_inspiro_hide_title":false,"footnotes":""},"class_list":["post-418","page","type-page","status-publish","has-post-thumbnail","hentry"],"_links":{"self":[{"href":"https:\/\/2025.fevo.com.mx\/index.php\/wp-json\/wp\/v2\/pages\/418","targetHints":{"allow":["GET"]}}],"collection":[{"href":"https:\/\/2025.fevo.com.mx\/index.php\/wp-json\/wp\/v2\/pages"}],"about":[{"href":"https:\/\/2025.fevo.com.mx\/index.php\/wp-json\/wp\/v2\/types\/page"}],"author":[{"embeddable":true,"href":"https:\/\/2025.fevo.com.mx\/index.php\/wp-json\/wp\/v2\/users\/1"}],"replies":[{"embeddable":true,"href":"https:\/\/2025.fevo.com.mx\/index.php\/wp-json\/wp\/v2\/comments?post=418"}],"version-history":[{"count":28,"href":"https:\/\/2025.fevo.com.mx\/index.php\/wp-json\/wp\/v2\/pages\/418\/revisions"}],"predecessor-version":[{"id":573,"href":"https:\/\/2025.fevo.com.mx\/index.php\/wp-json\/wp\/v2\/pages\/418\/revisions\/573"}],"wp:featuredmedia":[{"embeddable":true,"href":"https:\/\/2025.fevo.com.mx\/index.php\/wp-json\/wp\/v2\/media\/498"}],"wp:attachment":[{"href":"https:\/\/2025.fevo.com.mx\/index.php\/wp-json\/wp\/v2\/media?parent=418"}],"curies":[{"name":"wp","href":"https:\/\/api.w.org\/{rel}","templated":true}]}}